{"id":1296,"date":"2020-06-22T16:35:16","date_gmt":"2020-06-22T16:35:16","guid":{"rendered":"https:\/\/www.092cr.net\/?page_id=1296"},"modified":"2020-06-25T15:49:37","modified_gmt":"2020-06-25T15:49:37","slug":"politica-de-privacidad","status":"publish","type":"page","link":"https:\/\/www.092cr.net\/?page_id=1296","title":{"rendered":"Pol\u00edtica de privacidad"},"content":{"rendered":"\n<h4 class=\"wp-block-heading\">\u00bfQui\u00e9nes somos?<\/h4>\n\n\n\n<p>La direcci\u00f3n de nuestra web es: <a href=\"https:\/\/www.092cr.net\" target=\"_blank\" rel=\"noreferrer noopener\">https:\/\/www.092cr.net<\/a>.<\/p>\n\n\n\n<p>A trav\u00e9s de este sitio web no se recaban datos de car\u00e1cter personal de los usuarios sin su conocimiento, ni se ceden a terceros.<\/p>\n\n\n\n<p>Con la finalidad de ofrecerle el mejor servicio y con el objeto de facilitar el uso, se analizan el n\u00famero de p\u00e1ginas visitadas, el n\u00famero de visitas, as\u00ed como la actividad de los visitantes y su frecuencia de utilizaci\u00f3n. A estos efectos, el <a href=\"https:\/\/www.ciudadreal.es\" target=\"_blank\" rel=\"noreferrer noopener\">Excmo. Ayuntamiento de Ciudad Real<\/a> utiliza la informaci\u00f3n estad\u00edstica elaborada por el Proveedor de Servicios de Internet.<\/p>\n\n\n\n<p>El <a href=\"https:\/\/www.ciudadreal.es\" target=\"_blank\" rel=\"noreferrer noopener\">Excmo. Ayuntamiento de Ciudad Real <\/a>no utiliza cookies para recoger informaci\u00f3n de los usuarios, ni registra las direcciones IP de acceso. \u00danicamente se utilizan cookies propias, de sesi\u00f3n, con finalidad t\u00e9cnica (aquellas que permiten al usuario la navegaci\u00f3n a trav\u00e9s del sitio web y la utilizaci\u00f3n de las diferentes opciones y servicios que en ella existen).<\/p>\n\n\n\n<p>El portal del que es titular el <a href=\"https:\/\/www.ciudadreal.es\" target=\"_blank\" rel=\"noreferrer noopener\">Excmo. Ayuntamiento de Ciudad Real<\/a> contiene enlaces a sitios web de terceros, cuyas pol\u00edticas de privacidad son ajenas a la del <a href=\"https:\/\/www.ciudadreal.es\" target=\"_blank\" rel=\"noreferrer noopener\">Excmo. Ayuntamiento de Ciudad Real<\/a>. Al acceder a tales sitios web usted puede decidir si acepta sus pol\u00edticas de privacidad y de cookies. Con car\u00e1cter general, si navega por internet usted puede aceptar o rechazar las cookies de terceros desde las opciones de configuraci\u00f3n de su navegador.<\/p>\n\n\n\n<p><strong>Informaci\u00f3n b\u00e1sica sobre protecci\u00f3n de datos<\/strong><\/p>\n\n\n\n<p>A continuaci\u00f3n le informamos sobre la pol\u00edtica de protecci\u00f3n de datos del <a href=\"https:\/\/www.ciudadreal.es\" target=\"_blank\" rel=\"noreferrer noopener\">Excmo. Ayuntamiento de Ciudad Real<\/a>:<\/p>\n\n\n\n<p><strong>Responsable del tratamiento<\/strong><\/p>\n\n\n\n<p>Los datos de car\u00e1cter personal que se pudieran recabar directamente del interesado ser\u00e1n tratados de forma confidencial y quedar\u00e1n incorporados a la correspondiente actividad de tratamiento titularidad del <a href=\"https:\/\/www.ciudadreal.es\" target=\"_blank\" rel=\"noreferrer noopener\">Excmo. Ayuntamiento de Ciudad Real<\/a>.<\/p>\n\n\n\n<p>La relaci\u00f3n actualizada de las actividades de tratamiento que el <a href=\"https:\/\/www.ciudadreal.es\" target=\"_blank\" rel=\"noreferrer noopener\">Excmo. Ayuntamiento de Ciudad Real<\/a> lleva a cabo se encuentra disponible en el\u00a0<a rel=\"noreferrer noopener\" href=\"http:\/\/ciudadreal.es\/documentos\/transparencia\/Registro_de_Actividades_de_Tratamiento.xls\" target=\"_blank\">registro de actividades del Excmo. Ayuntamiento de Ciudad Real<\/a>.<\/p>\n\n\n\n<p><strong>Finalidad<\/strong><\/p>\n\n\n\n<p>La finalidad del tratamiento de los datos corresponde a cada una de las actividades de tratamiento que realiza el Excmo. Ayuntamiento de Ciudad Real y que est\u00e1n accesibles en el&nbsp;<a href=\"http:\/\/ciudadreal.es\/documentos\/transparencia\/Registro_de_Actividades_de_Tratamiento.xls\" target=\"_blank\" rel=\"noreferrer noopener\">registro de actividades de tratamiento<\/a>.<\/p>\n\n\n\n<p><strong>Legitimaci\u00f3n<\/strong><\/p>\n\n\n\n<p>El tratamiento de sus datos se realiza para el cumplimiento de obligaciones legales por parte del <a href=\"https:\/\/www.ciudadreal.es\" target=\"_blank\" rel=\"noreferrer noopener\">Excmo. Ayuntamiento de Ciudad Real<\/a>, para el cumplimiento de misiones realizada en inter\u00e9s p\u00fablico o en el ejercicio de poderes p\u00fablicos conferidos al <a href=\"https:\/\/www.ciudadreal.es\" target=\"_blank\" rel=\"noreferrer noopener\">Excmo. Ayuntamiento de Ciudad Real<\/a>, as\u00ed como cuando la finalidad del tratamiento requiera su consentimiento, que habr\u00e1 de ser prestado mediante una clara acci\u00f3n afirmativa.<\/p>\n\n\n\n<p>Puede consultar la base legal para cada una de las actividades de tratamiento que lleva a cabo el Excmo. Ayuntamiento de Ciudad Real en el&nbsp;<a href=\"http:\/\/ciudadreal.es\/documentos\/transparencia\/Registro_de_Actividades_de_Tratamiento.xls\" target=\"_blank\" rel=\"noreferrer noopener\">registro de actividades del Excmo. Ayuntamiento de Ciudad Real<\/a>.<\/p>\n\n\n\n<p><strong>Conservaci\u00f3n de datos<\/strong><\/p>\n\n\n\n<p>Los datos personales proporcionados se conservar\u00e1n durante el tiempo necesario para cumplir con la finalidad para la que se recaban y para determinar las posibles responsabilidades que se pudieran derivar de la finalidad, adem\u00e1s de los per\u00edodos establecidos en la normativa de archivos y documentaci\u00f3n.<\/p>\n\n\n\n<p><strong>Comunicaci\u00f3n de datos<\/strong><\/p>\n\n\n\n<p>Con car\u00e1cter general no se comunicar\u00e1n los datos personales a terceros, salvo obligaci\u00f3n legal, entre las que pueden estar las comunicaciones al Defensor del Pueblo, Jueces y Tribunales, interesados en los procedimientos relacionados con las reclamaciones presentadas.<\/p>\n\n\n\n<p>Puede consultar los destinatarios para cada una de las actividades de tratamiento que lleva a cabo el Excmo. Ayuntamiento de Ciudad Real en el siguiente enlace al registro de actividades del Excmo. Ayuntamiento de Ciudad Real (Actualmente en elaboraci\u00f3n).<\/p>\n\n\n\n<p><strong>Derechos de los interesados<\/strong><\/p>\n\n\n\n<p>Cualquier persona tiene derecho a obtener confirmaci\u00f3n sobre los tratamientos que de sus datos que se llevan a cabo por el Excmo. Ayuntamiento de Ciudad Real.<\/p>\n\n\n\n<p>Puede ejercer sus derechos de acceso, rectificaci\u00f3n, supresi\u00f3n y portabilidad de sus datos, de limitaci\u00f3n y oposici\u00f3n a su tratamiento, as\u00ed como a no ser objeto de decisiones basadas \u00fanicamente en el tratamiento automatizado de sus datos, cuando procedan, ante el Excmo. Ayuntamiento de Ciudad Real, Plaza Mayor 1, 13001, Ciudad Real o en la direcci\u00f3n de correo electr\u00f3nico&nbsp;<a href=\"mailto:dpd@ayto-ciudadreal.es.\">dpd@ayto-ciudadreal.es.<\/a><\/p>\n\n\n\n<p><strong>AVISO LEGAL<\/strong><\/p>\n\n\n\n<p>Este portal, cuyo titular es el <a href=\"https:\/\/www.ciudadreal.es\" target=\"_blank\" rel=\"noreferrer noopener\">Excmo. Ayuntamiento de Ciudad Real<\/a>, con NIF P1303400D, domicilio en la Plaza Mayor 1, 13001, Ciudad Real, y tel\u00e9fono <a href=\"tel:926211044\" target=\"_blank\" rel=\"noreferrer noopener\">926 211 044<\/a>, est\u00e1 constituido por el sitio web asociado al dominio <a href=\"https:\/\/www.092cr.net\" target=\"_blank\" rel=\"noreferrer noopener\">https:\/\/www.092cr.net<\/a> .<\/p>\n\n\n\n<p><strong>Propiedad intelectual e industrial<\/strong><\/p>\n\n\n\n<p>El dise\u00f1o del portal y sus c\u00f3digos fuente, as\u00ed como los logos, marcas y dem\u00e1s signos distintivos que aparecen en el mismo pertenecen al Excmo. Ayuntamiento de Ciudad Real y est\u00e1n protegidos por los correspondientes derechos de propiedad intelectual e industrial.<\/p>\n\n\n\n<p><strong>Responsabilidad de los contenidos<\/strong><\/p>\n\n\n\n<p>El Excmo. Ayuntamiento de Ciudad Real no se hace responsable de la legalidad de otros sitios web de terceros desde los que pueda accederse al portal. El Excmo. Ayuntamiento de Ciudad Real tampoco responde por la legalidad de otros sitios web de terceros, que pudieran estar vinculados o enlazados desde este portal.<\/p>\n\n\n\n<p>El Excmo. Ayuntamiento de Ciudad Real se reserva el derecho a realizar cambios en el sitio web sin previo aviso, al objeto de mantener actualizada su informaci\u00f3n, a\u00f1adiendo, modificando, corrigiendo o eliminando los contenidos publicados o el dise\u00f1o del portal.<\/p>\n\n\n\n<p>El Excmo. Ayuntamiento de Ciudad Real no ser\u00e1 responsable del uso que terceros hagan de la informaci\u00f3n publicada en el portal, ni tampoco de los da\u00f1os sufridos o p\u00e9rdidas econ\u00f3micas que, de forma directa o indirecta, produzcan o puedan producir perjuicios econ\u00f3micos, materiales o sobre datos, provocados por el uso de dicha informaci\u00f3n.<\/p>\n\n\n\n<p><strong>Reproducci\u00f3n de contenidos<\/strong><\/p>\n\n\n\n<p>Se proh\u00edbe la reproducci\u00f3n total o parcial de los contenidos publicados en el portal. No obstante, los contenidos que sean considerados como datos abiertos en la Sede Electr\u00f3nica, publicados seg\u00fan lo previsto en el Real Decreto 1495\/2011, de 24 de octubre, de desarrollo de la Ley 37\/2007, sobre reutilizaci\u00f3n de la informaci\u00f3n del sector p\u00fablico, para el \u00e1mbito del sector p\u00fablico estatal, podr\u00e1n ser objeto de reproducci\u00f3n en los t\u00e9rminos contenidos en el siguiente Aviso.<\/p>\n\n\n\n<p><strong>Sede Electr\u00f3nica<\/strong><\/p>\n\n\n\n<p>De acuerdo con lo establecido por el art\u00edculo 7 del Real Decreto 1671\/2009, de 6 de noviembre, por el que se desarrolla parcialmente la Ley 11\/2007, de 22 de junio, de acceso electr\u00f3nico de los ciudadanos a los servicios p\u00fablicos, el Excmo. Ayuntamiento de Ciudad Real se responsabiliza de la integridad, veracidad y actualizaci\u00f3n de la informaci\u00f3n y los servicios a los que pueda accederse a trav\u00e9s de su Sede Electr\u00f3nica (<a href=\"https:\/\/ciudadreal.es\/sede-electronica\" target=\"_blank\" rel=\"noreferrer noopener\">ciudadreal.es\/sede-electr\u00f3nica<\/a>).<\/p>\n\n\n\n<p><strong>Portal de transparencia<\/strong><\/p>\n\n\n\n<p>A trav\u00e9s de la informaci\u00f3n publicada en el portal de transparencia, el Excmo. Ayuntamiento de Ciudad Real atiende de forma peri\u00f3dica y actualizada el principio de publicidad activa establecido por la Ley 19\/2013, de 9 de diciembre, de transparencia, acceso a la informaci\u00f3n p\u00fablica y buen gobierno, con los mecanismos adecuados para facilitar la accesibilidad, la interoperabilidad, la calidad y la reutilizaci\u00f3n de la informaci\u00f3n, as\u00ed como su identificaci\u00f3n y localizaci\u00f3n.<\/p>\n\n\n\n<p><strong>Ley aplicable<\/strong><\/p>\n\n\n\n<p>La ley aplicable en caso de disputa o conflicto de interpretaci\u00f3n de los t\u00e9rminos que conforman este aviso legal, as\u00ed como cualquier cuesti\u00f3n relacionada con los servicios del presente portal, ser\u00e1 la ley espa\u00f1ola.<\/p>\n","protected":false},"excerpt":{"rendered":"<p>\u00bfQui\u00e9nes somos? La direcci\u00f3n de nuestra web es: https:\/\/www.092cr.net. A trav\u00e9s de este sitio web no se recaban datos de car\u00e1cter personal de los usuarios sin su conocimiento, ni se [&hellip;]<\/p>\n","protected":false},"author":1,"featured_media":0,"parent":0,"menu_order":0,"comment_status":"closed","ping_status":"closed","template":"","meta":{"footnotes":""},"class_list":["post-1296","page","type-page","status-publish","hentry"],"_links":{"self":[{"href":"https:\/\/www.092cr.net\/index.php?rest_route=\/wp\/v2\/pages\/1296","targetHints":{"allow":["GET"]}}],"collection":[{"href":"https:\/\/www.092cr.net\/index.php?rest_route=\/wp\/v2\/pages"}],"about":[{"href":"https:\/\/www.092cr.net\/index.php?rest_route=\/wp\/v2\/types\/page"}],"author":[{"embeddable":true,"href":"https:\/\/www.092cr.net\/index.php?rest_route=\/wp\/v2\/users\/1"}],"replies":[{"embeddable":true,"href":"https:\/\/www.092cr.net\/index.php?rest_route=%2Fwp%2Fv2%2Fcomments&post=1296"}],"version-history":[{"count":0,"href":"https:\/\/www.092cr.net\/index.php?rest_route=\/wp\/v2\/pages\/1296\/revisions"}],"wp:attachment":[{"href":"https:\/\/www.092cr.net\/index.php?rest_route=%2Fwp%2Fv2%2Fmedia&parent=1296"}],"curies":[{"name":"wp","href":"https:\/\/api.w.org\/{rel}","templated":true}]}}